housands digit of 45739030?
3
What is the thousands digit of 38853541?
3
What is the units digit of 450815490?
0
What is the ten thousands digit of 1547837283?
3
What is the hundred millions digit of 221119877?
2
What is the hundred millions digit of 2300795872?
3
What is the ten millions digit of 18261606?
1
What is the hundred thousands digit of 79143614?
1
What is the ten thousands digit of 12849052?
4
What is the hundred thousands digit of 980345811?
3
What is the millions digit of 17975815?
7
What is the ten thousands digit of 38201325?
0
What is the tens digit of 117662026?
2
What is the thousands digit of 11828656?
8
What is the ten thousands digit of 16044439?
4
What is the hundred millions digit of 1371953922?
3
What is the billions digit of 2621540955?
2
What is the units digit of 81699383?
3
What is the hundred thousands digit of 7353072?
3
What is the ten thousands digit of 19518787?
1
What is the hundreds digit of 80315791?
7
What is the hundred millions digit of 507939167?
5
What is the units digit of 170313609?
9
What is the ten millions digit of 184413844?
8
What is the billions digit of 1398345905?
1
What is the billions digit of 1023613358?
1
What is the tens digit of 908839366?
6
What is the tens digit of 1112926823?
2
What is the thousands digit of 140966631?
6
What is the ten millions digit of 131331714?
3
What is the hundred millions digit of 112488384?
1
What is the ten thousands digit of 874967746?
6
What is the ten thousands digit of 52891017?
9
What is the millions digit of 639478796?
9
What is the millions digit of 1028757179?
8
What is the millions digit of 92792839?
2
What is the tens digit of 48189666?
6
What is the hundred thousands digit of 37507995?
5
What is the units digit of 61074057?
7
What is the ten thousands digit of 280970808?
7
What is the thousands digit of 449421263?
1
What is the ten thousands digit of 173353318?
5
What is the billions digit of 1018344172?
1
What is the thousands digit of 269931200?
1
What is the millions digit of 43159126?
3
What is the ten thousands digit of 155005816?
0
What is the hundred thousands digit of 1001901250?
9
What is the millions digit of 13223372?
3
What is the millions digit of 32297740?
2
What is the hundred thousands digit of 1591626602?
6
What is the hundred millions digit of 587392989?
5
What is the tens digit of 17844633?
3
What is the millions digit of 28172826?
8
What is the ten millions digit of 12827347?
1
What is the billions digit of 1189750950?
1
What is the millions digit of 196117996?
6
What is the millions digit of 37360024?
7
What is the thousands digit of 98824131?
4
What is the ten millions digit of 83321324?
8
What is the units digit of 42480199?
9
What is the ten thousands digit of 1784498820?
9
What is the tens digit of 4147609816?
1
What is the ten thousands digit of 105946831?
4
What is the hundred millions digit of 2848178484?
8
What is the hundred thousands digit of 353500068?
5
What is the ten thousands digit of 30536791?
3
What is the units digit of 488587?
7
What is the tens digit of 46806851?
5
What is the millions digit of 163723953?
3
What is the hundreds digit of 75142208?
2
What is the hundred thousands digit of 20979046?
9
What is the tens digit of 7502879?
7
What is the hundred millions digit of 297735139?
2
What is the tens digit of 302561052?
5
What is the hundreds digit of 283862503?
5
What is the millions digit of 137543668?
7
What is the hundred millions digit of 2715122953?
7
What is the units digit of 7079119948?
8
What is the hundred thousands digit of 976112771?
1
What is the units digit of 69867283?
3
What is the thousands digit of 2349556894?
6
What is the ten thousands digit of 4429581441?
8
What is the units digit of 398769975?
5
What is the units digit of 7467343?
3
What is the thousands digit of 61518033?
8
What is the units digit of 299176391?
1
What is the ten millions digit of 106525271?
0
What is the units digit of 1131624973?
3
What is the units digit of 1030826709?
9
What is the units digit of 463082695?
5
What is the tens digit of 271612088?
8
What is the units digit of 302360201?
1
What is the hundred thousands digit of 299637743?
6
What is the ten millions digit of 17221361?
1
What is the ten thousands digit of 21654484?
5
What is the millions digit of 662558113?
2
What is the ten thousands digit of 218937415?
3
What is the millions digit of 12664268?
2
What is the ten millions digit of 145740479?
4
What is the ten thousands digit of 31504345?
0
What is the hundreds digit of 354722330?
3
What is the tens digit of 386278828?
2
What is the hundred thousands digit of 4234718995?
7
What is the thousands digit of 98181610?
1
What is the tens digit of 662309549?
4
What is the hundred thousands digit of 279168834?
1
What is the millions digit of 578189857?
8
What is the hundreds digit of 100815183?
1
What is the millions digit of 6422498969?
2
What is the ten thousands digit of 1672738694?
3
What is the ten thousands digit of 88401957?
0
What is the ten thousands digit of 96558139?
5
What is the tens digit of 2945855225?
2
What is the millions digit of 786202235?
6
What is the hundred thousands digit of 39070183?
0
What is the ten thousands digit of 37184023?
8
What is the hundreds digit of 1216110518?
5
What is the tens digit of 110703985?
8
What is the thousands digit of 13267208?
7
What is the units digit of 990476292?
2
What is the hundred thousands digit of 7564373?
5
What is the ten thousands digit of 40410382?
1
What is the ten millions digit of 116217920?
1
What is the tens digit of 96651781?
8
What is the hundreds digit of 39892095?
0
What is the hundred millions digit of 2086446886?
0
What is the hundred thousands digit of 309478278?
4
What is the hundreds digit of 57395670?
6
What is the tens digit of 193520834?
3
What is the hundred thousands digit of 154269694?
2
What is the units digit of 415025131?
1
What is the hundred millions digit of 178241155?
1
What is the millions digit of 114849479?
4
What is the hundred thousands digit of 493909232?
9
What is the ten millions digit of 448327391?
4
What is the units digit of 251520734?
4
What is the hundred thousands digit of 137257607?
2
What is the hundreds digit of 427094305?
3
What is the tens digit of 83779071?
7
What is the units digit of 48521634?
4
What is the thousands digit of 9050693?
0
What is the ten thousands digit of 534289103?
8
What is the ten millions digit of 909519296?
0
What is the hundred thousands digit of 1757904649?
9
What is the hundred millions digit of 831597004?
8
What is the thousands digit of 44847049?
7
What is the billions digit of 1056933934?
1
What is the hundreds digit of 53706548?
5
What is the ten millions digit of 2495192396?
9
What is the ten millions digit of 1605868123?
0
What is the tens digit of 5488321140?
4
What is the ten millions digit of 80382128?
8
What is the hundreds digit of 118895359?
3
What is the tens digit of 31260070?
7
What is the tens digit of 64187198?
9
What is the tens digit of 1533313544?
4
What is the millions digit of 25843868?
5
What is the units digit of 399036564?
4
What is the units digit of 1316270242?
2
What is the ten thousands digit of 9819686?
1
What is the ten millions digit of 522139704?
2
What is the hundred millions digit of 622556163?
6
What is the ten thousands digit of 162322516?
2
What is the hundred thousands digit of 5262000?
2
What is the ten thousands digit of 825931964?
3
What is the hundred thousands digit of 285140017?
1
What is the tens digit of 19330818?
1
What is the thousands digit of 15451489?
1
What is the ten thousands digit of 191953025?
5
What is the hundred millions digit of 144515036?
1
What is the ten thousands digit of 487762183?
6
What is the tens digit of 9129496397?
9
What is the units digit of 6313047724?
4
What is the hundred thousands digit of 15781189?
7
What is the hundred thousands digit of 329443778?
4
What is the units digit of 1660669578?
8
What is the hundred thousands digit of 3535623604?
6
What is the hundred thousands digit of 23950299?
9
What is the ten thousands digit of 8774647?
7
What is the hundred thousands digit of 76588069?
5
What is the ten thousands digit of 43697898?
9
What is the ten thousands digit of 329987451?
8
What is t